(-6)?
3
Suppose -4*p - 5000 = -4*j, p = 3*j - 1443 - 2309. What is the thousands digit of j?
1
What is the units digit of -2 + (-3)/3*-229?
7
Let u(s) = 2*s**3 - 2*s**2 + 11*s + 17. What is the units digit of u(7)?
2
Let s be ((-12)/8)/(3/(-6)). Suppose 0 = s*u + u - 276. What is the units digit of u?
9
Let d(m) = -m**3 + 18*m**2 - 24*m - 20. What is the hundreds digit of d(11)?
5
Let h = 20 - 16. Suppose -5*f + 2*f = 15, -h*z + 257 = -5*f. What is the units digit of z?
8
Let m = -2 - -10. Suppose 4*a + 3*k = m, 0*a - 2 = -a - k. Suppose -2*g = 3*p - 77 + 13, 34 = g + a*p. What is the units digit of g?
6
Let i(d) = -228*d + 225. What is the tens digit of i(-6)?
9
Suppose 2*q + 3*s - 6 = -2*q, -q + 5*s - 10 = 0. Suppose -2*b - 23 + 21 = q. What is the tens digit of -2 - 128/(b + -1)?
6
Let s = 13 - 8. Suppose 4*x = s*x - 5. Suppose -6*j = -x*j - 4. What is the units digit of j?
4
Suppose 307 = 4*x - 33. Suppose 68 = 4*h - 4*f, -4*h - h + x = -3*f. What is the units digit of h?
7
Let z(a) = 11*a**2 - 29*a + 14. What is the thousands digit of z(12)?
1
Suppose -2*z + 7*z - 25 = 0. Suppose 2*i = -4*r + 18, z*i - 17 = -3*r - 0*i. What is the tens digit of (r - 2)*(-222)/(-12)?
3
Suppose -b + 585 = 3*g - 4*b, b - 969 = -5*g. What is the tens digit of g?
9
Let x be (-2)/4 - 2/(-4). Suppose -2*b - 6 = -i, -5*i = -x*i - 4*b - 6. Let g = 5 - i. What is the units digit of g?
7
Let r(p) = p**2 + 5*p - 2. Let d be r(-6). Suppose -k + d*k - 270 = 0. What is the units digit of k?
0
Suppose 29 = w + 25. Suppose -211 = -5*v + 2*i, -302 + 124 = -w*v - 3*i. What is the tens digit of v?
4
Let k(z) = 187*z**2 + 4*z + 13. Let q be k(-2). What is the tens digit of 1/(-8) + 10/(80/q)?
9
Suppose 2*k - 538 = 5*c, 5*k - 1436 + 29 = -3*c. What is the units digit of k?
9
Let g(y) = 7*y - 11*y**2 + 8*y + y**3 - 10*y + 9*y. Let n be g(10). What is the units digit of ((-1)/4)/((-5)/n)?
2
What is the units digit of (3/18*-3)/(3/(-5682))?
7
Let s = 2 + 8. Suppose 8*v - 6*v = s. Suppose v*a = 2*l + 51, -4*a + 50 = 4*l - l. What is the units digit of a?
1
Suppose -h - 5 = -5*n, -3*n - 12 = h + 1. What is the units digit of (-2)/h - (-27328)/160?
1
Suppose -33 = -4*b - 5*q, -q = 3*q - 20. Suppose b*y - 71 = y. What is the units digit of y?
1
Let g = 91 + -115. Let w(l) = l**2 - l - 41. Let o be w(0). Let m = g - o. What is the units digit of m?
7
Suppose 125*j = 118*j + 3801. What is the hundreds digit of j?
5
Let n = -31 + 27. Let w(p) = p**3 + 6*p**2 - 5. What is the units digit of w(n)?
7
Suppose -3 = -0*m - m. Suppose -7*l = -m*l + 4. What is the tens digit of 16 - (l - (-2)/(-1))?
1
Suppose 5*a - 15 = n - 4, -14 = 2*a - 5*n. Let c be (4/12)/(a/27). Suppose -7 = -5*x - w, 0 = c*w - w + 6. What is the units digit of x?
2
Suppose -6*l = -5*q - 2*l - 8, -4 = -2*l. Let k = q + 24. What is the units digit of k?
4
Let m be 6/10 + (-2)/(-5). Suppose 14*d + 5100 = -20*d. What is the units digit of (3/(-9))/m*d?
0
Let x be 382 - (0 - (-3 + 0)). Suppose x - 35 = 8*k. What is the tens digit of k?
4
What is the tens digit of 766/4*((-14 - -8) + 8)?
8
Let w = 6 - -5. Suppose 0 = 3*f - 7 - w. What is the units digit of 20 + -8*(-3)/f?
4
Let y(i) = i**2 - i + 13. Let f be y(11). Let t = f - -7. What is the units digit of t?
0
Let v(b) = 101*b**2 - 18*b + 71. What is the thousands digit of v(4)?
1
Let h(n) = -n**3 - 15*n**2 + 15*n - 12. Let d be h(-16). Suppose -305 - 91 = -4*v - d*l, 2*v = l + 201. What is the hundreds digit of v?
1
Let s = -56 - -161. Let l = s - 45. What is the units digit of l?
0
Let g = 3 + 2. Let o = 6 - g. Let h = o - -17. What is the units digit of h?
8
Let h(z) = 10*z - 4. Let m be h(2). Let o = m - 19. Let d = 12 + o. What is the units digit of d?
9
Suppose -1987 = 22*c - 10281. What is the hundreds digit of c?
3
Let x = 0 + 8. What is the units digit of 314/x - 3/(-4)?
0
Let p(n) be the second derivative of -29*n**3/6 - n**2 + 4*n. What is the units digit of p(-3)?
5
Let l be (-11)/(-2)*(-14)/7. Let g(i) = i**2 + 11*i + 4. Let r be g(l). Suppose f = x - 34, -3*x - 5*f + r*f + 82 = 0. What is the tens digit of x?
2
What is the hundreds digit of 589 - ((-7)/2 - 7/14)?
5
Let q = 20 - 10. Suppose q = 2*t + 3*t. Suppose 0 = t*y + 6, 0*y + y - 49 = -2*u. What is the units digit of u?
6
Let g be (-2)/(-20)*5*6. Let k be 2*(45/6)/g. Suppose k*w - 362 = 4*f, -3*w = -f - 152 - 68. What is the tens digit of w?
7
Let z = -1842 - -3041. What is the tens digit of z?
9
What is the units digit of (-9)/1 - (-34 + -2367)?
2
Suppose -12 = -0*h - 3*h. Let n be (-1062)/(-45) - h/(-10). Let x = n - 2. What is the units digit of x?
2
Let b(i) = i**3 - 11*i**2 - 12*i. Let d be b(12). Suppose -931 = -4*x - k, d*x + 5*k = x - 259. What is the units digit of x?
4
Suppose x + 0*x = 7. Suppose -4*u + x = -277. Let t = u + -34. What is the units digit of t?
7
Let f be 25*(39/(-15) + 3). Let l = -8 + f. What is the units digit of 8 + (3 - (l + -2))?
1
Suppose 5*w - 9*w = 4*q, 5*w = 2*q. Suppose -5*u - 15 = w, -4*u + 82 = 3*i - 53. What is the units digit of i?
9
Let n(g) be the third derivative of -g**4/12 - 5*g**3/3 + 3*g**2. Let p be n(-12). Let s = -8 + p. What is the units digit of s?
6
What is the units digit of (120/48)/(1/14)?
5
Let m(h) = h**3 + 6*h**2 + 2*h - 8. Let p be m(-6). Let k = 24 + p. Suppose -k*a = 5*d - 145, 0 = -4*a + 3*a - 3*d + 45. What is the units digit of a?
0
Suppose 3*r + 4*v = r + 58, -6*v - 99 = -3*r. What is the tens digit of r?
3
Suppose 0 = -5*w + 3*w - 4. Let z be (-55)/3 + w/3. Let c = z + 42. What is the units digit of c?
3
Let a(w) = 3*w**3 - 27*w**2 - 25*w + 1. What is the units digit of a(12)?
7
Suppose -5*t + 4*a + 0*a = -261, 5*t - 5*a = 265. What is the tens digit of t?
4
Let k(g) = -g**3 + 5*g**2 + 13*g + 7. Let p = 33 + -26. Let l be k(p). Suppose -4*y + 3*f + 193 = l, 6*y - 129 = 4*y - 5*f. What is the tens digit of y?
5
Let t be 16/(-8) - (0 - -5). Let x = t - -3. Let z(q) = q**2 + 4*q + 5. What is the units digit of z(x)?
5
Let i(z) = 2*z + 34. Let l be i(0). Let h = l + -8. What is the tens digit of h?
2
Let x = -4 + 6. Let n(u) = 10*u + 75. Let t be n(0). Suppose a = -x*a + t. What is the units digit of a?
5
Let p(a) = a**3 - 6*a**2 + 7*a - 1. Let k be 4 - (1 - (-4 - -3)). Suppose -k*v = 5*m - 24, 3*m - 3*v = -0*m + 27. What is the tens digit of p(m)?
4
Suppose 4*u = 13 + 7. Suppose 4*w = -u*l + w + 77, -3*l + 5*w = -53. Suppose -l = -m + 5*c, 10 = 4*c + c. What is the units digit of m?
6
Let g(t) = -t**3 + 24*t**2 + 52*t + 5. Let d be g(26). What is the tens digit of (4/(-4))/(d - 2)*-165?
5
Let c be 4 - 1 - -1 - 770. Let f be 33/(-77) - c/7. Let g = f - 65. What is the tens digit of g?
4
Let w = -8 + 11. Suppose -w*o = -154 - 263. What is the hundreds digit of o?
1
Let b = -1948 + 4357. What is the thousands digit of b?
2
Let k(h) = -2*h - 9. Let l be k(-10). Let b(g) = g**3 - 8*g**2 - 18*g + 9. What is the units digit of b(l)?
4
Suppose 2*v = -4*t + 12 - 0, -t - 3*v = -8. Suppose -u + 75 = t*m, -2*m - 2*u + 69 = -3. What is the tens digit of m?
3
Let x be (-4 - -4)/(0 + 2). Suppose -5*r + 7 + 8 = x. Suppose r*b + 120 = 4*h, b + 19 = h + 3*b. What is the tens digit of h?
2
Let k be (1 - (-10)/(-2)) + 87. Suppose k + 229 = 2*l. What is the units digit of l?
6
Let o(u) = -u**3 - 7*u**2 - u - 5. Let w be o(-7). Suppose -w*z = -l + 229, 2*l + 148 - 41 = -z. Let m = -81 - z. What is the tens digit of m?
3
Let u(o) be the third derivative of o**4/6 - 2*o**3 + o**2. Let i be u(12). Suppose 0 = 3*r - 2*y - 28, -4*r + 3*y = y - i. What is the units digit of r?
8
Let s = 62 - 48. Suppose s*f - 4444 = -958. What is the units digit of f?
9
Let k = -227 - -548. What is the hundreds digit of k?
3
Suppose 3*p - 588 = j + 2*j, 4*p + 4*j - 744 = 0. What is the units digit of p?
1
Suppose 51*w - 1607 - 229 = 0. What is the tens digit of w?
3
Let b = -25 - -296. What is the tens digit of b?
7
Suppose 2*f + 5*z - 3223 - 1128 = 0, -3*z = 2*f - 4341. What is the hundreds digit of f?
1
Let a(n) = -1 - 6*n**2 - 2 - 2 - n**3 - 6*n + 0. Let r be a(-6). Suppose 4*x - r = -4*u - 3, -3*x = -12. What is the units digit of u?
3
Suppose v - 2*v - 6 = 4*a, 2*a + 18 = v. Let o(l) = 2*l**2 - 15*l. What is the tens digit of o(v)?
5
Let a(s) = -s + 11. Let w be a(11). Suppose 